 -k + 1116. Let l be 0 + (3 - 3) - 2. Let w be 3/21 - (k/14)/l. Calculate the highest common divisor of w and 440.
40
Suppose -415 = -n + 81. Let w be (-40)/(-12)*((-63)/(-35) + 3). What is the greatest common divisor of n and w?
16
Suppose 2*r - y = 70, -6*y = 13*r - 14*r + 46. Let z(n) = 44*n + 4. Let f be z(3). What is the greatest common divisor of r and f?
34
Let d be (539/55 - 10)/(2 - 62/30). Calculate the greatest common divisor of 1102 and d.
1
Let x(b) = 2 - 1 - 121*b**2 + 131*b**2. Let o be x(0). Suppose -y - y = -16. What is the highest common divisor of y and o?
1
Let c = 12231 - 12156. Calculate the greatest common divisor of 11190 and c.
15
Suppose 2*k = -11*u + 14*u - 2980, 3*u - 2986 = -4*k. Calculate the greatest common factor of 56 and u.
14
Let i(w) = 2*w**2 - 55*w + 99. Let j be i(26). What is the greatest common divisor of 126 and j?
21
Let w = 31 - 24. Suppose -6*d + 22*u + 694 = 18*u, 3*d = -2*u + 367. Calculate the highest common factor of w and d.
7
Suppose -4*n + 1191 = 5*r - 2*r, r = 12*n - 3563. What is the highest common factor of 33 and n?
33
Let h = -112 - -111. Let o = 15 + h. Let g(t) = 2*t**2 + 8*t - 8. Let x be g(6). What is the greatest common divisor of x and o?
14
Suppose 4*i - 90 = 3*c, -2*i = -4*i - c + 40. Suppose 2*k + 86*d - 28 = 90*d, 42 = 3*k - d. Calculate the highest common divisor of k and i.
7
Let n = -12 + 25. Let u be ((-130)/4)/((-80)/160). What is the highest common factor of n and u?
13
Let z be 19530/240 - 3/8. Suppose 2*q + z = 11*q. Calculate the highest common divisor of 9 and q.
9
Let v(p) = 5*p**2 + 59*p + 21. Let z be v(-12). Let m be (4 - 847/z)*6/(-5). What is the greatest common factor of 78 and m?
26
Let o(a) = a**2 - 3*a - 20. Let q(p) = -5*p + 27. Let x be q(-18). Suppose -10*u + x = -13. Let z be o(u). What is the highest common divisor of 44 and z?
22
Suppose 0 = -4*o - 0*o - 4*l - 540, -2*o - 285 = -l. Let m be o/(-15) - 1/3. What is the greatest common factor of 18 and m?
9
Let a(y) = 172*y**2 - 3866*y + 21. Let n be a(24). Calculate the greatest common factor of n and 18.
9
Suppose z - 3 = 13. What is the greatest common divisor of z and 280?
8
Suppose 2*f - 5*f + 60 = 0. Suppose f*s = 16*s - 16. Let h be (-67)/(-1) + (-2)/s*-2. Calculate the highest common factor of 6 and h.
6
Let b = 154 + -149. Suppose 4*q - q + b*s = 110, 5*q - 204 = 2*s. Calculate the highest common factor of 64 and q.
8
Let u = 2787 + -2742. Calculate the highest common factor of u and 750.
15
Let o(d) = -32 + 4*d + 3*d - 3*d. Let b = -988 - -1002. Let t be o(b). What is the greatest common divisor of 12 and t?
12
Let m(g) = 2 - 5*g**2 - 2*g - g + 8*g**2. Let j be m(2). Let s be 21*(-16)/(-336) - (-3)/(-1)*-1. What is the highest common divisor of j and s?
4
Let u = 332 + -181. Suppose 152*l - u*l - 18 = 0. Let r(g) = 61*g - 17. Let w be r(5). What is the highest common factor of w and l?
18
Let r(z) = -z**3 - 6*z**2 - 50*z - 312. Let c be r(-10). What is the highest common divisor of 504 and c?
84
Let c be (15/12 - (-861)/28)*2. Suppose -3*k = -5*l - 33, -l - 13 - c = -5*k. What is the greatest common factor of 4 and k?
4
Suppose 0*g = -3*g + 66. Let q = -93904 + 93915. Calculate the greatest common divisor of g and q.
11
Let a = 271 + -266. Suppose t = 0, a*s - 8*s - 4*t + 48 = 0. Calculate the highest common divisor of 208 and s.
16
Suppose 0 = 2*k - 1 + 11. Let m be (k + 2 - -2)*67. Let v = -41 - m. What is the greatest common divisor of v and 78?
26
Suppose 0 = -w - 5*p + 16, -5*w + 104 = p + 24. Let a = 266 + -264. Let o be a + 204/6 + -4. Calculate the highest common divisor of w and o.
16
Suppose -3*v + 4*n + 8413 = 6*n, -n = 5*v - 14024. Calculate the greatest common factor of 102 and v.
51
Let i = 25 + -14. Suppose -123 = -i*q + 97. Let s be 2*(-1 + 14/4). Calculate the highest common factor of q and s.
5
Let f = 6244 - 6166. Calculate the highest common factor of f and 1248.
78
Let f = -5898 + 6428. What is the greatest common factor of f and 636?
106
Let y be (4/(-2) + 1)/(2844/(-135) + 21). What is the highest common divisor of 2055 and y?
15
Let d be 56/42*(-5)/(5/(-6)). Suppose 11*r - d*r - 18 = 0. Let l(z) = -5*z**2 + 32*z - 6. Let j be l(r). What is the greatest common divisor of 42 and j?
6
Suppose -z + 5*o + 29 = 0, -2*o - 24 = -z + 5. Suppose 1392 = -17*p + 23*p. What is the highest common factor of p and z?
29
Let k(p) be the second derivative of 0 + 13/2*p**2 + 9*p + p**3. Let f be k(4). What is the highest common factor of 74 and f?
37
Let a(c) = 4*c + 145. Let j be a(-36). Suppose 5*m + 26 = 51. Suppose 4*v - 11 + 2 = -m*o, 2*v - 1 = o. What is the highest common divisor of v and j?
1
Suppose x - 591 = 5*c, 1128*x + 2*c = 1127*x + 528. What is the greatest common divisor of x and 1534?
26
Let o be (-30 + -27)/((-3)/5 + (-45)/50). Let j = 471 - 262. What is the highest common factor of j and o?
19
Suppose -2*k = 5*p - 40, -2*p - 26 = -38. Suppose -h + 3*h = 4*o - 346, -2*o + 5*h = -185. What is the highest common factor of k and o?
5
Suppose 3*o + 3 = 0, -8*j = -3*j - o - 291. Suppose 0 = -3*d - 19 + j. What is the greatest common factor of d and 13?
13
Let q be 7/(140/1128) + (-4)/10. Let g = -46 + q. Suppose 8*s - g = 3*s, 0 = d - s - 9. What is the highest common factor of d and 33?
11
Suppose -4*f + 492 = 5*t, -11*t + 16*t - 510 = 5*f. Suppose 4*c - 305 = -105. What is the highest common divisor of c and t?
50
Let c = 0 - -19. Let l = 1135 + -1123. Let w(t) = -16*t + 268. Let n be w(l). What is the greatest common factor of c and n?
19
Suppose 0 = -3*t - n + 143, 4*t = n + 242 - 42. What is the greatest common factor of t and 1323?
49
Let u be (-1 + -3 - -4) + 5. Suppose 0 = -u*z - 3*s - 140, -5*z + 3*s - 60 = -2*z. Let b = z - -37. What is the greatest common divisor of b and 48?
12
Let d(p) = 30*p**2 - 56*p - 750. Let n be d(-19). What is the greatest common divisor of n and 168?
56
Let u = 341 + 121. Suppose -10*k = -3*k - u. What is the highest common factor of k and 99?
33
Suppose 3*b = -0*b + 3. Let v = 14478 - 14473. What is the greatest common divisor of b and v?
1
Let h = -639 + 699. What is the highest common factor of 245 and h?
5
Suppose -86*k + 2*z - 1719 = -89*k, -5*k + 2*z = -2881. What is the highest common divisor of 425 and k?
25
Suppose 4*x = -4, 4*n + 2*x - 11 = 3. Suppose 0 = -n*z + 12, 4 = 4*s + 4*z - 80. What is the highest common divisor of s and 48?
6
Let s(q) = -q**2 - 4*q + 6. Let a be s(0). Let b = 7 - a. Let z be b*(9 + (5 - 2)). What is the greatest common factor of 18 and z?
6
Suppose -6*d - 3 = -33. Let o = 3255 - 3040. Calculate the greatest common factor of d and o.
5
Let n(q) = q**3 + q**2 + q + 19. Let o be n(0). Let i be (52/6)/(38/(-57)). Let t = i + o. What is the greatest common divisor of t and 42?
6
Suppose -162*f - 40 = -157*f. Let d be -1 + 15 + 32/f. Calculate the highest common divisor of d and 90.
10
Suppose -p = 195 - 123. Let c be (-2)/((-16)/p)*(-234)/2. Suppose -8*j = j - c. What is the highest common factor of j and 18?
9
Let k(d) = -6*d - 15. Let l be k(-4). Suppose 2348 - 773 = 35*g. What is the greatest common divisor of l and g?
9
Let a(s) = 4 + 10*s + 11*s**2 - 5 - 6*s - 5. Let j be a(3). Calculate the highest common divisor of 15 and j.
15
Let f(b) = 135*b**2 + 3*b - 3. Suppose 5*i + 3 + 2 = 0, 2*i = -2*j + 70. Let h = j + -35. Let k be f(h). What is the greatest common divisor of 54 and k?
27
Let d(u) = -2*u**3 + 33*u**2 - 18*u + 62. Let a be d(16). Let j = -1 - -7. Let t = a - j. What is the highest common factor of t and 3?
3
Let o be (12 - (-2 + 5))/(5/525). Suppose -48*h + 33*h + o = 0. What is the greatest common divisor of 273 and h?
21
Let a = 4836 + -3236. Calculate the greatest common factor of 64 and a.
64
Suppose -27158*y = -27155*y - 2418. What is the highest common divisor of y and 130?
26
Let k(a) = a**2 - 2*a - 132. Let d be k(12). Let q be -51*4/d - 2. What is the highest common factor of q and 45?
15
Suppose -16*v = 3*v + 285. Let h be 2/(-3) - 1/(v/2320). Calculate the greatest common divisor of h and 28.
14
Suppose 97*f = 100*f - 5*a - 533, 4*f + 4*a - 700 = 0. What is the highest common divisor of f and 396?
44
Suppose 29*w - 33440 = 18*w - 8*w. What is the greatest common factor of 144 and